= 2*c - 3*i, 2 = 2*c + 3*i. Suppose -2*y - 255 = -c*y + 5*n, -4*y = -5*n - 208. What are the prime factors of y?
47
Let n(s) = 27*s + 43. What are the prime factors of n(17)?
2, 251
Let p = 1666 + -1150. List the prime factors of p.
2, 3, 43
Suppose 53*i - 28890 = 106260. List the prime factors of i.
2, 3, 5, 17
Suppose 0*d - 8 = -4*d. Suppose -2*i + 19 = 3*p, i - p - 14 = -d. Suppose -5*a + i + 4 = 0. List the prime factors of a.
3
Let z = -73 - -30. Let b be (0 + 1)/((-1)/z). Let t = b + -25. List the prime factors of t.
2, 3
Let i(z) = 6*z**2 - 5*z + 5. Let l(u) = -u**2. Let f(d) = i(d) + 5*l(d). Let b be f(4). List the prime factors of 3 + 0 + 24 + b.
2, 7
Let i(b) be the first derivative of -10*b**2 + 10*b - 10. What are the prime factors of i(-3)?
2, 5, 7
Let d(l) be the second derivative of -7*l**3/6 + 9*l**2 - 15*l. List the prime factors of d(-15).
3, 41
Suppose 7*b - 5*b - 14 = 0. What are the prime factors of (b + -6)*(1 - -65)?
2, 3, 11
Let r(p) = -p**2 + 2*p + 9. Let b be r(-5). Let z = 75 + b. Let n = 93 - z. List the prime factors of n.
2, 11
Suppose 28*r = 3382 + 98566. List the prime factors of r.
11, 331
Let n(m) be the second derivative of m**4/4 + 5*m**2/2 - 10*m. List the prime factors of n(4).
53
Suppose 0 = -25*p - 7*p + 38464. List the prime factors of p.
2, 601
Let x(a) = -a**2 - 34*a - 43. List the prime factors of x(-14).
3, 79
Let g(m) = -m**2 - 8*m - 2. Let q be g(-4). List the prime factors of ((-20)/q)/((-21)/294).
2, 5
Suppose 0 = 5*o - 2*o - 39. Let x = -5 + o. What are the prime factors of x + 0 + 2/1?
2, 5
List the prime factors of ((-80)/25)/(-2 - (-3456)/1730).
2, 173
Let d(n) = -n**3 - 4*n**2 - 3*n - 10. Let k be d(-4). Suppose -3*y = k*y. Suppose 3*f - 50 - 130 = y. List the prime factors of f.
2, 3, 5
What are the prime factors of (-110)/(-8)*-2*(-1 - 1)?
5, 11
Suppose -3*h = 2*x - 4, 0*h - 5*x + 21 = 2*h. Let v = h - -10. List the prime factors of v.
2
Let j(w) = 1794*w**3 + 3*w**2 - 2*w + 1. List the prime factors of j(1).
2, 449
Let w(r) = 3*r**3 - 3*r**2 + 4*r + 1398. What are the prime factors of w(0)?
2, 3, 233
Let q = 25 - 19. Suppose -m = m - 8. Suppose m*j - 19 + 4 = -b, 3*j = q. List the prime factors of b.
7
Let r(o) = o**2 - o - 1. Let s(t) = -2*t**2 - 15*t - 4. Let n(p) = 6*r(p) - s(p). List the prime factors of n(4).
2, 3
Let d = 1134 + -379. List the prime factors of d.
5, 151
Suppose 5*g - 5*x - 12160 = 0, -g = -2*x - 1100 - 1327. List the prime factors of g.
2437
Let s be 0/(-1*(-4)/(-4)). Suppose 3*d = 4*b - s*d - 240, -b + 75 = 3*d. What are the prime factors of b?
3, 7
Let l(g) = -3*g + 53*g**3 + g**2 + g**2 + 7 - 5. List the prime factors of l(1).
2, 3
Let i be (-4)/(4/(-3)) + 239. Let r = -153 + i. What are the prime factors of r?
89
Let i(r) = -12*r - 3. Let k = -5 - -4. Let w be k/(-3)*(-12 + 3). What are the prime factors of i(w)?
3, 11
Let l(j) = -j**3 + 26*j**2 - 30*j - 62. List the prime factors of l(21).
17, 89
Let q be (13 + -7)/((-6)/(-64)). Let n = q + -28. List the prime factors of n.
2, 3
Let a(h) = -498*h**3 - 6*h**2 - h + 4. What are the prime factors of a(-1)?
7, 71
Suppose -26258 = -39*q + 11650. What are the prime factors of q?
2, 3
What are the prime factors of 3 - -3*1/(-3)*-3463?
2, 1733
Suppose 6*u + 81 = 1035. List the prime factors of u.
3, 53
Let z = 49 + -46. Suppose 4*k - 195 = -0*o - o, k - z*o - 65 = 0. List the prime factors of k.
2, 5
Let a = 195 - -470. List the prime factors of a.
5, 7, 19
Suppose 0 = 5*g - 6*g + 31. Let x = 56 - g. List the prime factors of x.
5
Let v = 418 + -274. Let i = -44 + v. List the prime factors of i.
2, 5
Let h be (2/(-9))/(2/(-18)*1). Suppose -125 = -f - d, h*d = -4*f - 0*d + 502. What are the prime factors of f?
2, 3, 7
Let j(s) = s**3 + 3*s**2 - 16*s + 2. Let w be 4 + (-4)/(-1) + -2 + -1. List the prime factors of j(w).
2, 61
Let s(x) = -10*x - 29. Let i(d) = d + 1. Let f(j) = -4*i(j) - s(j). What are the prime factors of f(9)?
79
Let q = -15 + 17. Suppose q*c + 28 = 4*c. What are the prime factors of c?
2, 7
Suppose 2*q = -0*q + 4. Let g(f) = 2 - 2*f**q + 7*f**2 - f - f**3 + 2*f. List the prime factors of g(5).
7
Let h = -28 - -44. Let w = h - 14. Suppose -5*p = w*z - 76, p - 7 = -z + 7. What are the prime factors of p?
2
Suppose 0 = -4*y, 0 = -0*k - 3*k - y - 12. Let a be (5 + k)/(1/2). What are the prime factors of 32 + (-3)/(a + 1)?
31
Let a(t) = t + 2. Let i be a(0). Suppose i*x - 9 = -5. Suppose -2*c = 3*l - 37, -4*l = -x*c - 9 - 31. What are the prime factors of l?
11
Suppose -32 = j - 5*j. Let z(n) = -n + 19. Let i be z(14). Suppose 2*o = 4*a, -i*o - 2*a = -j*o + 16. List the prime factors of o.
2
Suppose 113*l - 128*l = -80775. What are the prime factors of l?
3, 5, 359
Suppose -4*o - 1 = 15. Let s(a) = -a + 3. Let l be s(2). Let p = l - o. List the prime factors of p.
5
Let n(f) = -6*f**3 - 26*f**2 + 26*f - 23. Let t(b) = -2*b**3 - 9*b**2 + 9*b - 8. Let p(l) = 3*n(l) - 8*t(l). What are the prime factors of p(-5)?
5, 13
Suppose -m - 681 = -r, 4*r + 5*m = r + 2051. What are the prime factors of r?
2, 11, 31
Let h be 1/(-5) - (4 - 21/5). Suppose h*q - 4*q + 100 = 2*t, -3*q + 5*t + 62 = 0. List the prime factors of q.
2, 3
Suppose 23*l + 29*l = 37180. List the prime factors of l.
5, 11, 13
Let r = -29 + 33. Let u = r + 2. List the prime factors of (-1188)/(-30) + u/15.
2, 5
Let p(n) = -6*n + 10. Let r(s) = s - 2. Let w be r(6). Let l be p(w). List the prime factors of (-119)/l + 1/2.
3
Suppose 230*j - 44080 = 214*j. What are the prime factors of j?
5, 19, 29
What are the prime factors of (-12876)/(-14) - 3*2/(-21)?
2, 5, 23
Let b = 632 + -340. Let a = -153 + b. List the prime factors of a.
139
Suppose -7*x + 6*x = -329. Suppose 13*k - x = 6*k. List the prime factors of k.
47
Let s(i) = -i + 1. Let k(u) = 5*u - 26. Let j(r) = -k(r) - 6*s(r). What are the prime factors of j(11)?
31
Let d be ((-2)/2)/(-1) + 5. Suppose -3*r + 9 = 0, 5*x - d*r + 2*r = 58. Let n = 23 - x. What are the prime factors of n?
3
Suppose -2*b - 3*b - 10 = 0. What are the prime factors of (-4)/22 + ((-1230)/55)/b?
11
Suppose 0 = 5*u + 3*t - 111, 0 = -0*u + 3*u + 4*t - 60. Suppose -2*w = 4*c + 3*w - 159, -c + 4*w = -u. List the prime factors of c.
2, 3
Suppose 4*g + 2*g = 144. Let s = -25 - -67. Let i = s - g. List the prime factors of i.
2, 3
Let l = -212 - 114. Let b = -161 - l. Suppose -4*x + s + b = -0*x, 4*s = 5*x - 209. List the prime factors of x.
41
Let t(o) = o**3 + 12*o**2 + 12. Let h be t(-12). Suppose 2*p + h = -2. Let i(r) = -5*r - 5. What are the prime factors of i(p)?
2, 3, 5
Suppose 0 = 28*w + 7*w - 54880. What are the prime factors of w?
2, 7
Let q(x) = 6*x - 15. Let i be q(10). List the prime factors of (684/i)/((-2)/(-5)).
2, 19
Suppose q - 4*x - 6 = 0, 3*x + 29 = 3*q + 11. Let s be (-1 + (-10)/15)/(3/(-81)). Suppose -b + q*b = s. List the prime factors of b.
3
Suppose -5*w - 30 = -5*x, 2*x = -2*w - 2 - 10. Let k be (35 - -1)*(-9)/w. Suppose -m + k = m. What are the prime factors of m?
3
Let z be (3 + 1)/4 + -19. Let w be z/(-3)*(-8)/(-24). Suppose -w*u + 219 = u - 5*p, -2*p + 266 = 4*u. What are the prime factors of u?
2, 17
Let s be (-2*(-5 - -6))/((-4)/(-98)). Let q = s - -132. List the prime factors of q.
83
Suppose -65 = -2*v - 3*v. Let i = v + -15. List the prime factors of (4/i)/(-1) - -50.
2, 13
Let h be 3 - (-22)/18 - 2/9. Suppose -5*m + 488 = -2*z, -h*m + m + 304 = -4*z. What are the prime factors of m?
2, 3
Suppose 13*h = 7*h - 270. Let a be h*(-2 - -1) + -2. Suppose -3*u + a = -35. What are the prime factors of u?
2, 13
List the prime factors of (((-13110)/(-4))/5)/(39/78).
3, 19, 23
Let l(q) = 8*q**2 + 8*q - 30. Let p be l(11). Suppose -2*h = -11*h + p. What are the prime factors of h?
2, 3, 19
Let m(d) = 2*d**2 + 52*d - 60. List the prime factors of m(-29).
2, 3, 19
Let j be ((-2)/6)/(3/9). List the prime factors of (1 + -60)/j - -1.
2, 3, 5
Let u(q) = -q**3 + 11*q**2 - q + 6. Let a be u(5). Suppose 3*t = 2*f - a, 0 = t + 5. Suppose -4*l - f - 11 = -3*p, -3*p = 3*l - 51. List the prime factors of p.
3, 7
List the prime factors of (-11 - 607)*(1 + (-10)/6).
2, 103
Suppose 1739*p - 6000 = 1735*p. List the prime factors of p.
2, 3, 5
Suppose -54 = -5*z + 3*g - 2, -3*g = 5*z - 28. Suppose 0 = -m + 5*k + 13, -z = 